late the remainder when 2763 is divided by 92.
3
Calculate the remainder when 16825 is divided by 245.
165
What is the remainder when 48407 is divided by 2303?
44
Calculate the remainder when 19297 is divided by 210.
187
Calculate the remainder when 1701 is divided by 157.
131
What is the remainder when 152060 is divided by 8?
4
Calculate the remainder when 23848 is divided by 65.
58
Calculate the remainder when 98591 is divided by 16.
15
Calculate the remainder when 382902 is divided by 127625.
27
What is the remainder when 564417 is divided by 13?
9
What is the remainder when 184141 is divided by 391?
371
What is the remainder when 1490 is divided by 171?
122
What is the remainder when 105721 is divided by 23?
13
Calculate the remainder when 5911 is divided by 174.
169
Calculate the remainder when 132141 is divided by 33031.
17
What is the remainder when 28421 is divided by 379?
375
Calculate the remainder when 478605 is divided by 312.
309
What is the remainder when 156225 is divided by 236?
229
What is the remainder when 1679 is divided by 123?
80
What is the remainder when 8672 is divided by 62?
54
Calculate the remainder when 894 is divided by 869.
25
Calculate the remainder when 417 is divided by 140.
137
What is the remainder when 13586 is divided by 247?
1
Calculate the remainder when 144267 is divided by 229.
226
Calculate the remainder when 7305 is divided by 251.
26
Calculate the remainder when 121107 is divided by 110.
107
What is the remainder when 810 is divided by 68?
62
Calculate the remainder when 553 is divided by 191.
171
What is the remainder when 286 is divided by 57?
1
What is the remainder when 10237 is divided by 26?
19
Calculate the remainder when 15413 is divided by 1223.
737
What is the remainder when 5218 is divided by 5198?
20
Calculate the remainder when 84693 is divided by 215.
198
Calculate the remainder when 74431 is divided by 198.
181
What is the remainder when 12435 is divided by 67?
40
Calculate the remainder when 6498 is divided by 6391.
107
Calculate the remainder when 47085 is divided by 58.
47
What is the remainder when 4024171 is divided by 17?
16
What is the remainder when 1727258 is divided by 1340?
1338
What is the remainder when 11253 is divided by 672?
501
What is the remainder when 5752 is divided by 12?
4
Calculate the remainder when 1864 is divided by 115.
24
Calculate the remainder when 526 is divided by 47.
9
What is the remainder when 140878 is divided by 140876?
2
What is the remainder when 1940 is divided by 259?
127
What is the remainder when 7415 is divided by 46?
9
What is the remainder when 22098 is divided by 395?
373
What is the remainder when 487073 is divided by 5?
3
Calculate the remainder when 578 is divided by 446.
132
Calculate the remainder when 235686 is divided by 65.
61
What is the remainder when 12118 is divided by 32?
22
What is the remainder when 13217 is divided by 943?
15
Calculate the remainder when 492903 is divided by 39.
21
Calculate the remainder when 1266 is divided by 212.
206
Calculate the remainder when 1704 is divided by 359.
268
Calculate the remainder when 491894 is divided by 4099.
14
Calculate the remainder when 43198 is divided by 21595.
8
What is the remainder when 1042 is divided by 276?
214
What is the remainder when 23114 is divided by 141?
131
Calculate the remainder when 194830 is divided by 32467.
28
Calculate the remainder when 98751 is divided by 16454.
27
Calculate the remainder when 943 is divided by 162.
133
Calculate the remainder when 119126 is divided by 1435.
21
Calculate the remainder when 36124 is divided by 43.
4
Calculate the remainder when 77022 is divided by 820.
762
What is the remainder when 25484 is divided by 144?
140
Calculate the remainder when 7654 is divided by 264.
262
Calculate the remainder when 11452 is divided by 2288.
12
What is the remainder when 11320 is divided by 11227?
93
Calculate the remainder when 907 is divided by 151.
1
Calculate the remainder when 17114 is divided by 84.
62
Calculate the remainder when 14468 is divided by 14453.
15
Calculate the remainder when 832 is divided by 664.
168
What is the remainder when 67269 is divided by 407?
114
Calculate the remainder when 1515 is divided by 406.
297
Calculate the remainder when 22878 is divided by 208.
206
What is the remainder when 4414 is divided by 1086?
70
What is the remainder when 503780 is divided by 251884?
12
Calculate the remainder when 719 is divided by 33.
26
Calculate the remainder when 4184 is divided by 2087.
10
What is the remainder when 238 is divided by 122?
116
What is the remainder when 1515 is divided by 37?
35
What is the remainder when 7848 is divided by 302?
298
Calculate the remainder when 30680 is divided by 15.
5
What is the remainder when 2289 is divided by 47?
33
What is the remainder when 22716 is divided by 496?
396
What is the remainder when 199141 is divided by 92?
53
What is the remainder when 543416 is divided by 271703?
10
What is the remainder when 3839 is divided by 62?
57
What is the remainder when 8921 is divided by 1888?
1369
What is the remainder when 1307 is divided by 467?
373
What is the remainder when 8662 is divided by 74?
4
Calculate the remainder when 3870 is divided by 100.
70
What is the remainder when 173733 is divided by 114?
111
Calculate the remainder when 829223 is divided by 349.
348
Calculate the remainder when 3220 is divided by 502.
208
Calculate the remainder when 679582 is divided by 339789.
4
Calculate the remainder when 4194 is divided by 32.
2
What is the remainder when 98764 is divided by 238?
232
What is the remainder when 27422 is divided by 548?
22
Calculate the remainder when 1339836 is divided by 334958.
4
Calculate the remainder when 1603 is divided by 1005.
598
Calculate the remainder when 8101 is divided by 4047.
7
What is the remainder when 3958 is divided by 1288?
94
What is the remainder when 148687 is divided by 70?
7
What is the remainder when 2391 is divided by 185?
171
What is the remainder when 41237 is divided by 711?
710
What is the remainder when 816 is divided by 101?
8
Calculate the remainder when 254679 is divided by 20.
19
What is the remainder when 5681 is divided by 1123?
66
Calculate the remainder when 31615 is divided by 15560.
495
Calculate the remainder when 34159 is divided by 122.
121
Calculate the remainder when 5212 is divided by 132.
64
Calculate the remainder when 348279 is divided by 23.
13
Calculate the remainder when 417388 is divided by 408.
4
Calculate the remainder when 6732 is divided by 81.
9
What is the remainder when 45434 is divided by 7568?
26
Calculate the remainder when 1442 is divided by 85.
82
What is the remainder when 16112 is divided by 288?
272
Calculate the remainder when 117656 is divided by 153.
152
What is the remainder when 493 is divided by 158?
19
Calculate the remainder when 25397 is divided by 83.
82
What is the remainder when 267 is divided by 106?
55
What is the remainder when 379236 is divided by 403?
13
What is the remainder when 10331 is divided by 86?
11
Calculate the remainder when 455 is divided by 385.
70
Calculate the remainder when 4681 is divided by 28.
5
What is the remainder when 7491 is divided by 177?
57
Calculate the remainder when 1049 is divided by 906.
143
What is the remainder when 11572 is divided by 5742?
88
What is the remainder when 3243 is divided by 360?
3
Calculate the remainder when 155 is divided by 117.
38
Calculate the remainder when 294629 is divided by 70.
69
What is the remainder when 1052877 is divided by 820?
817
Calculate the remainder when 12154 is divided by 1345.
49
Calculate the remainder when 183453 is divided by 224.
221
Calculate the remainder when 7048 is divided by 1173.
10
Calculate the remainder when 19424 is divided by 15.
14
What is the remainder when 186684 is divided by 183?
24
What is the remainder when 9999 is divided by 461?
318
What is the remainder when 20849 is divided by 5?
4
What is the remainder when 26585 is divided by 14?
13
What is the remainder when 20917 is divided by 327?
316
Calculate the remainder when 330322 is divided by 91.
83
Calculate the remainder when 62150 is divided by 12416.
70
Calculate the remainder when 30495 is divided by 78.
75
Calculate the r